?
2
Suppose 5*p - 3 = -23. What is the units digit of 7 + (-3 - (p - -2))?
6
What is the tens digit of (-3)/(-12) + (-1195)/(-20)?
6
Let g = 7 + -3. Let h(i) = i**3 + 7*i**2 + 5*i - 1. Let q be h(-6). Suppose 7 = m - 5*y + g*y, -q*y = -m + 11. What is the units digit of m?
6
Let i(t) = t + 5. Let u be i(0). Let s = 11 + u. What is the tens digit of s?
1
Let i be ((-90)/21)/(2/14). Let a = i + 56. What is the units digit of a?
6
What is the tens digit of 62 + 1 - (11 - 15)?
6
What is the tens digit of 17 + -2*(-2 + 3)?
1
Let f(x) = 4*x**2 - x - 1. Suppose 0 = 3*r + 22 + 5. Let c = -7 - r. What is the units digit of f(c)?
3
Let k = 48 + -14. What is the tens digit of k?
3
Let m(n) = n**3 - 5*n**2 + 5*n + 1. What is the units digit of m(4)?
5
Suppose -4*r = 11 - 47. Let c = r + 1. Let y = 15 - c. What is the units digit of y?
5
Let d = -14 - -17. Let f = 14 - d. What is the tens digit of f?
1
Let c = -43 + 80. What is the tens digit of c?
3
Let l = 110 + -75. What is the tens digit of (-1 + l)*3/6?
1
Let a(z) = -z - 2. Suppose 2 + 10 = 4*k. Let m be a(k). Let s(h) = -2*h - 3. What is the units digit of s(m)?
7
Let c = 26 + -5. Suppose 0 = -a - 2*a + c. What is the units digit of a?
7
Let y = 10 + 89. What is the units digit of y?
9
Suppose -4*j + 53 = -47. Let d = -18 + j. Let b = d - -1. What is the units digit of b?
8
Let b(g) = g**2 + g + 11. Let n be b(0). Let a = n + -9. What is the units digit of a?
2
Suppose 5*l - 5*z - 110 = 0, -l - 1 + 13 = -3*z. What is the tens digit of l?
2
Let n be 2 - (-1 + (3 - 1)). What is the units digit of 3 - 4 - (n - 15)?
3
Let i be (-3)/5 - 54/10. What is the units digit of (16/3)/((-2)/i)?
6
Suppose -3*j - j + 140 = 0. Suppose 2*b - 57 - j = 0. What is the tens digit of b?
4
Let r be ((-6)/(-4))/(9/18). Suppose 3*q + 0 = 4*x - r, -2*x - 3*q = 3. Suppose -z + 3*z - 28 = x. What is the units digit of z?
4
Let i(l) = l**2 - 1. Let z be i(-1). Suppose 5*c + 57 = 3*q, -5*c + 2*q - 53 = -z*c. Let y = -4 - c. What is the units digit of y?
5
Suppose 0 = 5*n + 51 + 39. What is the tens digit of 12/n + 276/9?
3
Suppose -5*c + 5 - 2 = t, 5*c - 12 = -4*t. Suppose -u - 2 + 4 = 0. Let q = t + u. What is the units digit of q?
5
Suppose -2*x + 30 = x. Let z = x - -5. What is the units digit of z?
5
Let v = -2 - 4. Let u = 18 + v. What is the units digit of u?
2
Let o(h) = h**3 + 8*h**2 + 9*h + 6. Let a be o(-7). Let m = a - -17. What is the units digit of m?
9
Suppose m + 81 = -5*q - 0*m, -47 = 3*q - m. Let c = -9 - q. What is the units digit of c?
7
Let x be 0 - (9 - 2) - -3. Let f = -2 - x. Let s = 5 - f. What is the units digit of s?
3
Suppose 0*p + 3*p + k - 9 = 0, 4*p + 4*k - 12 = 0. Suppose 21 = v - 2*c, p*v - 65 + 16 = -c. What is the units digit of v?
7
Suppose 5*m + 3*u - 32 = 3*m, -2*u + 38 = 3*m. What is the units digit of m?
0
Suppose -8 = 3*n - 95. What is the units digit of n?
9
Let f(h) = 2*h**3 - 5*h**2 - h + 4. What is the tens digit of f(4)?
4
Let z be ((-69)/(-15))/(6/30). Suppose 3*v - 10 = z. What is the tens digit of v?
1
Let u(m) = -2*m - 3. Let r be u(-5). Suppose -f - r = -2*f. What is the units digit of f/28 - 31/(-4)?
8
Let h be -2 + 2 - (-8 + 3). Suppose 102 = 4*k - 5*p, -h*k - p + 2*p + 138 = 0. What is the tens digit of k?
2
Suppose -3*d = -0*d - 63. What is the tens digit of d?
2
Let j = -13 - -20. Suppose -j*v + 2*v + 17 = d, -5*d - 3*v - 3 = 0. Let h = d + 10. What is the units digit of h?
7
Let i(n) = 6*n**3 - 3*n**2 + n - 2. What is the units digit of i(2)?
6
Let x = -65 + 115. Let p = x - 30. What is the tens digit of p?
2
Suppose q - 30 = -5*m, m = -q - q + 15. Suppose -4*z + m*z = 12. What is the tens digit of z?
1
Let u be 2 + (1 + 0)*0. Let d(f) = -1 + f**2 - f**3 - 3*f + 5 + 3*f**u. What is the units digit of d(3)?
4
Let z = -21 - -54. What is the units digit of z?
3
Let w(d) = 46*d**2 - 6*d + 7. What is the tens digit of w(2)?
7
Let s = -2 - -18. What is the tens digit of s?
1
Let h = -119 + 165. What is the tens digit of h?
4
Suppose 0 = -3*j + 8 + 1. Suppose -j*n + 5*n = 4*r - 16, 0 = -2*n + 3*r - 12. What is the units digit of (n + -2)*(1 + -2)?
2
Let w(b) = b**2 - 4*b - 8. What is the tens digit of w(-5)?
3
Suppose 2*n = -0*n + 6. Suppose -p + n*w = -2*p + 19, 2*p - 62 = 2*w. Suppose 4*a - 3*t - 20 = 0, -5*t - p = -3*a - a. What is the units digit of a?
2
Let f(w) = -w**2 + 4*w + 2. Let i be f(4). Let s(o) = 2*o - 3*o**3 + 0*o**2 - 4*o**i + 2*o**2. What is the units digit of s(-2)?
2
Let j(u) = 36*u**2 - 2*u + 2. Suppose d - 14 = 2*d - 5*n, 5*n = 5*d + 10. What is the units digit of j(d)?
6
Suppose -5*j + 2*l + 644 = 0, j - 3*j + 3*l = -262. What is the tens digit of j?
2
Suppose 3*v - 1 = 2*h + 11, 5*h = 0. Suppose -v*t - 26 = -6*t. What is the units digit of t?
3
Let r(v) = 3*v**2 + 28*v + 15. What is the units digit of r(-11)?
0
Let c(a) = 2*a - 6. Let l(d) = d - 4. Let r be l(9). Let u be c(r). Suppose u*j - 5 = 15. What is the units digit of j?
5
Suppose 5*x - 18 = -l, -2*l + 1 - 10 = -5*x. Suppose 15 = x*y - 6*y, -5*m - 4*y = 35. What is the units digit of 1/(-1)*(2 + m)?
1
Suppose -24 = -3*x - x. What is the units digit of x?
6
Let j(r) = -4*r + 1. What is the units digit of j(-7)?
9
Let i(h) = h**3 + 8*h**2 + 3*h + 10. Let n(d) = -7*d. Let w be n(1). What is the tens digit of i(w)?
3
Let c(u) = 2*u + 4. Let s be c(3). Suppose -4 = f - s. Let h(i) = -i**2 + 7*i - 3. What is the units digit of h(f)?
3
Let t(s) = -s**2 + 7*s + 6. What is the units digit of t(5)?
6
Let g = 14 - -8. What is the tens digit of g?
2
Let o = 612 + -422. What is the tens digit of o?
9
Let v(s) = s**3 + s**2 + 2. Let p be v(0). Suppose g - p = -0. Suppose g*x - 3 = 27. What is the tens digit of x?
1
Let t = -1 - -5. Suppose -s = g - 0*s - 14, -56 = -t*g + 4*s. What is the tens digit of g?
1
Let k(c) = 2*c**3 - 2*c**2 - c + 1. Suppose -4*x + x = 5*d - 1, -5*x + 7 = 3*d. What is the units digit of k(x)?
7
Suppose 17 = g - 0*g + 5*x, 0 = 5*x - 15. What is the units digit of ((-23)/g)/((-3)/6)?
3
Let g = 19 + -15. Suppose -241 = -5*i + 3*y, -g*i - 2*y + 206 = -0*y. What is the tens digit of i?
5
Let a = 42 + -9. What is the units digit of a?
3
Let v be ((-16)/10)/(2/(-5)). What is the units digit of -1 + -1 + 1 + v?
3
Suppose 0 = 4*n - 2*b - 128, -3*n - b + 98 = -2*b. What is the units digit of n?
4
Suppose 0 = -3*y + y + 20. Suppose 4*v - 4 = -0. Suppose 0 = -z + y - v. What is the units digit of z?
9
Suppose n = -3 + 5. Suppose -n*m - 80 = -7*m. What is the tens digit of m?
1
Let g = -10 + 5. Let i = g + 9. What is the units digit of (-56)/6*(-6)/i?
4
Let t = -89 - -131. What is the units digit of t?
2
Suppose 4*w = 2*v + 18, -2*w - 3 = -13. What is the units digit of v?
1
Let n be 4*(-2)/8*-2. Suppose -u - n*u + 27 = 0. Suppose 4*r - u - 15 = 0. What is the units digit of r?
6
Suppose -1 = 2*p - 7. What is the tens digit of 9/(-12)*p*-8?
1
Suppose 5*w - 20 = -0*w. Suppose 3*t - 15 = -2*n, 35 = -3*n + w*n - 4*t. What is the units digit of n?
5
Let w(h) = -2*h + 2. Let z = 8 + -14. What is the tens digit of w(z)?
1
Let p(o) = 0*o - 2*o - 5 + 3*o**2 - 1 - 2*o**2. What is the units digit of p(5)?
9
Let r be (2/4)/((-1)/(-4)). Suppose 0 = -o + 4 - 2. Suppose -o = -m + r. What is the units digit of m?
4
Suppose 0 = -5*h - 3 - 12. What is the tens digit of 27 + (-3 - h) + -1?
2
Suppose 0 = 4*u - 1 + 9. What is the units digit of ((-174)/9)/u*3?
9
Suppose 3*b + 4*z = -21, -4 = -2*b + 5*z + 5. Let d(q) = -6*q + 1. What is the tens digit of d(b)?
1
Suppose -2*f - 1 = 3. What is the units digit of (-5 + 2)*(f + 1)?
3
Let m(p) = p + 7. Let w be m(5). Let c(f) = -f**2 + 14*f - 15. What is the units digit of c(w)?
9
Suppose -4*s = s - 80. Suppose s = 3*x - 26. What is the tens digit of x?
1
What is the units digit of ((-20)/6)/((112/(-21))/8)?
5
Let f(c) = c**2 + 7*c - 5. Let o be f(-7). Let w(h) = -7*h**3. Let r be w(1). Let m = o - r. What is the units digit of m?
2
Let s = 2 - 0. Let z be 1/(10/4 - s). What is the units digit of -3*(-4)/6*z?
4
Let u = -47 - -163. What is the units digit of u?
6
Let o(u) = -u**2 + 10*u + 1. Let g be o(9). Let f = -1 + g. What is the units digit of f?
9
Let y(v) = 14*v - 29. What is the units digit of y(9)?
7
Suppose -3*s - 9 = 5*f, -2*s - s - 9 = -2*f. Suppose -5*v + 70 = 